/3*g**3 + 37 - 2*g - 1/4*g**4 - 7/2*g**2. What is a(-6)?
4
Let k(l) = 38 - 2*l**2 - 42 - l + l**2 + l**3. Calculate k(0).
-4
Let i be -4*6/(-48)*16/2. Let g(d) = 13*d - d + 5 - i. Suppose 2*o = -0 - 2. Determine g(o).
-11
Let j(x) be the third derivative of x**6/120 + x**5/15 + x**4/6 + x**3/3 + 7*x**2. Suppose 5*o - 1 = 4. Let t be ((-6)/3*o)/1. Give j(t).
2
Let q(y) = 172*y - 379*y - 13*y**2 + 193*y - 14 + 27 - y**3. Give q(-12).
37
Suppose 2*h + 5 = f, -14*h - 5*f + 15 = -19*h. Let n(b) = b**2 + 2*b + 2. Determine n(h).
2
Suppose 5*s - 13*s = -144. Let a(g) = 6*g - 1 - g**2 - 5*g - s*g**3 - 4*g + g. What is a(-1)?
18
Let z(t) = -t**3 + 2*t**2 + 21*t + 1. Let o(y) = y**2 + 7*y. Let d(b) = -3*o(b) + z(b). What is d(1)?
-1
Let y(x) = -3*x - 2*x - 5 + 9*x + 0*x**2 + 2*x**2. Suppose 0 = -2*s + 3*w + 14, 2*s = -0*w - 4*w. Suppose 2*g = -4*u - 26, 2*g - 11 = s*u + g. What is y(u)?
11
Let s be ((-6)/(-4))/(1/2). Suppose j + 2 = 5*n - 0, j - s = 0. Let m(a) = -7*a**2 + n + 3*a + 0 - 2*a**3 + 2*a + 3*a**3. Determine m(6).
-5
Let n(g) be the third derivative of 0*g + 15*g**2 + 0 - 1/24*g**4 - 1/2*g**3. What is n(-5)?
2
Suppose 0*q - 4*q - 4 = c, -2*q - 20 = -4*c. Let s(a) be the first derivative of -5*a**2/2 + 760. Determine s(q).
10
Let v(y) be the second derivative of -y**7/840 + y**6/60 - y**5/60 + y**4/8 + 3*y**3 + 10*y. Let j(n) be the second derivative of v(n). Determine j(6).
-9
Let k(v) be the second derivative of -v**3/6 + 4*v**2 - 1617*v. Suppose -5*z = -26 - 44. Suppose -4*j + 2 = -z. Calculate k(j).
4
Suppose -3*u + 2*i = -11, 0 = -5*u - i + 14. Let t(w) = 4*w - 5*w - w + u*w + 1. Suppose 2*c + 4 = -4*s, -s + 6*s + 20 = -5*c. Calculate t(c).
-5
Let z(s) = -s**2 + 5*s + 5. Let d be 2*-10*4/(-16). Suppose 4*r + 70 = -3*a, -2*r - d*a - 3 = 39. Let w = -10 - r. Calculate z(w).
-1
Let t(w) = -35*w - 99. Let x be t(-3). Let v(i) = 2*i**2 - 17*i + 27. Determine v(x).
-3
Let h(f) = f**2 + 2*f - 1. Let o(q) = -2*q**2 - 4*q + 3. Let r(u) = 5*h(u) + 3*o(u). Let i(a) = 13*a - 94. Let j be i(7). Determine r(j).
1
Let z(j) = -1851*j + 1867*j - 1 - 2 + 3. Calculate z(-3).
-48
Suppose 15 = -3*s, 5*s - 2 = 3*l - 42. Let k(i) = -i**3 + 4*i**2 + 4*i + 1. Determine k(l).
-4
Let s(d) = -3*d - 2. Let g(n) = n**2 - n - 8. Let w be g(0). Suppose -4*m - 4*p = -20, 12 = 4*m - 4*p - 16. Let q = m + w. What is s(q)?
4
Let y(s) be the second derivative of s**5/20 + s**4/3 + s**3/6 + 3*s**2/2 + 5*s. Suppose 6*o = 12*o. Suppose p - 15 = 5*z - o*p, 0 = -2*z + 3*p - 6. Give y(z).
9
Let b(h) be the second derivative of h**6/720 + h**5/30 + 4*h**4/3 + 13*h. Let a(j) be the third derivative of b(j). Give a(0).
4
Let f(s) = s**3 - 5*s**2 - 6*s + 3. Let q(j) = -j + 4. Let a be -6*((-12)/(-9) + -1). Let v be q(a). Calculate f(v).
3
Let j(q) be the second derivative of 3*q**5/20 + q**4/6 - 2*q**3/3 - 3*q**2/2 - 119*q. Calculate j(-2).
-11
Suppose -2*j - 497 = -5*f, j - 2*j - 198 = -2*f. Let r = f + -97. Let a(l) = 4*l - 5. Let g(i) = 12*i - 16. Let o(b) = 7*a(b) - 2*g(b). Determine o(r).
13
Let d(o) be the third derivative of -32*o**2 + 0*o**3 + 0*o + 5/24*o**4 + 0. What is d(2)?
10
Let x(l) = 14*l + 7. Let v(s) = 3*s + 3. Let b(i) = 5*v(i) - x(i). Determine b(-12).
-4
Let f(b) = 21*b - 5. Let q(a) be the second derivative of 5*a**3/3 - a**2 + 30*a. Let z(m) = -2*f(m) + 5*q(m). What is z(-3)?
-24
Let a(j) = -j**3 - 2*j**2 + 5*j + 4. Let c(y) = -9 + 21 - 3*y + 12. Let f be c(9). Calculate a(f).
-2
Let b(a) = -25*a**3 - 5*a**2 - 6*a. Let p(l) = -24*l**3 - 4*l**2 - 5*l. Let u(g) = -4*b(g) + 5*p(g). Determine u(-1).
21
Suppose 0 = -3*n - 0*n + 81. Let i(w) = n - 8 - 4 + w - 12. What is i(-3)?
0
Let s(b) = b**3 - 9*b**2 - 21*b - 4*b**2 - 20*b + 39*b + 22. What is s(13)?
-4
Suppose -b - 3*b + 16 = 0. Suppose 4*x - 6 - 2 = 0. Let w(k) = 0*k**2 - 2*k**2 + 7*k + 0*k**x - 5. Determine w(b).
-9
Let l(n) be the third derivative of -n**4/12 + n**3/6 - 10*n**2 - 2. Calculate l(1).
-1
Let r(v) = 4*v - 22. Let p(s) = -s**2 - 8*s - 12. Let a be p(-4). Determine r(a).
-6
Let a(x) = 150*x + 12. Let j(o) = 79*o + 7. Let q(h) = -4*a(h) + 7*j(h). What is q(-1)?
48
Suppose -3*n = 5*o - 11, -1 + 2 = -o + n. Let s be 3 - 1/o*-1. Let w(d) = 7 + 3 - s + d - 1. Calculate w(4).
9
Let x(i) be the first derivative of -2*i**3/3 + 33*i**2/2 + 19*i - 9. Let s be x(17). Let w(f) = 2*f**2 - 3*f + 3. Calculate w(s).
5
Let x(d) = -d**2 - d + 46. Let j be x(-8). Let m(c) = c**2 + 10*c - 9. Calculate m(j).
-9
Suppose 0 = -72*g + 63*g - 54. Let a(j) = 3*j + 6. Determine a(g).
-12
Let p be 3*4/(-6) + -2. Let k(d) be the third derivative of -d**4/24 + d**3/2 - 14*d**2 + 29. Calculate k(p).
7
Suppose -49*m = 9*m - 232. Let g(y) = y**3 - 3*y**2 + 4*y - 10. Determine g(m).
22
Let k(p) = -p**3 + 8*p**2 - 12*p. Let c = 567 - 561. What is k(c)?
0
Let q(i) = 3*i**2 - 35*i + 25. Let s(t) = -t**2 + 11*t - 8. Let a(u) = -2*q(u) - 7*s(u). Let m be 2/7 - 26/(-7). Give a(m).
-6
Let g(v) = -v**2 + 16*v - 13. Let x be g(17). Let y be -1*5 + (x/(-6) - 6). Let k(l) = l**2 + 7*l + 2. What is k(y)?
-4
Let f(l) = 0*l**3 + 5*l**2 + 0*l**3 - 1165*l - l**3 + 1158*l + 2. Calculate f(5).
-33
Suppose 3*i + 2*o - 21 = 3*o, 3*o - 9 = 0. Suppose 0 = 4*t + 4*y - i, -t - 3 + 5 = 2*y. Let f(v) = -27 - 8*v + 19 - 2*v**t + v**2. Determine f(-7).
-1
Let j(h) be the second derivative of -h**4/12 + 5*h**3/6 + h**2 + h + 3. What is j(-3)?
-22
Suppose -4*h = -k - 21, -3*h + 4 + 3 = k. Let t(c) = -h + 247*c + c**2 + 2 - 249*c. Suppose z - 4*n = 8, 4*n + 24 = 5*z - 0. Determine t(z).
6
Let k(h) be the first derivative of -10 + h - 7/2*h**2. Determine k(-1).
8
Let j(q) = -4*q**2 + 5 + q**3 + 6*q + 2*q + 12*q**2. Let o(m) = -4*m + 113. Let p be o(30). Calculate j(p).
-2
Suppose 4*o + 4*b + 5 = -3, 0 = 2*o - 5*b - 24. Let d(z) = z**2 - 4*z. Give d(o).
-4
Let d(j) = -j**3 - 17*j**2 - 12*j - 7. Let i(z) = -z**3 - 16*z**2 - 13*z - 6. Let n(s) = 2*d(s) - 3*i(s). Calculate n(-13).
-22
Let w(n) be the third derivative of n**6/360 - n**5/15 + 3*n**4/8 - 2*n**3/3 - 13*n**2. Let b(c) be the first derivative of w(c). Give b(6).
-3
Let s(h) = -11*h**3 - 7*h**2 - 6*h - 13. Let x(r) = r**3 + r**2 + r + 2. Let a(k) = -s(k) - 6*x(k). Determine a(2).
45
Let z(y) = -9*y - 2. Let n(r) = -52 - 45 + 10*r + 100. Let v(u) = 2*n(u) + 3*z(u). What is v(2)?
-14
Let y = -8 + 13. Let k(w) be the second derivative of 1/20*w**5 - 2*w - 3/2*w**2 - 1/3*w**4 - 1/3*w**3 + 0. Calculate k(y).
12
Let z(x) be the second derivative of x - 1/6*x**3 + 0 - 7/12*x**4 + 1/2*x**2. Give z(1).
-7
Let s(y) = -4*y - 46 + 29 + 3*y**2 + 19. Calculate s(2).
6
Suppose d = 3*d + 14. Let u(v) = 2*v - 1. Let s(r) be the first derivative of r**4/4 + 7*r**3/3 - 9*r**2/2 + 7*r - 24. Let p(c) = s(c) + 5*u(c). Determine p(d).
-5
Let v(s) = 37*s - 110. Let n be v(3). Let h(w) = 23*w**2 + w - 1. What is h(n)?
23
Suppose -4*b = 3*x - 11, 0*b - 13 = -5*x - 4*b. Let q(s) = x - 3*s + 4*s + 5. Determine q(-5).
1
Let j = 22 + -20. Let x(i) = -i**3 + 8*i**2 + j + 3 + i - 9. Give x(8).
4
Let l(y) = 0 + 5*y**2 - 1 - 14*y**2. Let z = 31 - 27. Suppose 0 = -2*a - 2*a - 16, -4*a - 12 = -z*n. What is l(n)?
-10
Let i(g) be the first derivative of -g**4/4 - 2*g**3 + 7*g**2/2 + 6*g - 3. Determine i(-7).
6
Let i(y) = -y**3 + 4*y**2 - 3*y + 3. Suppose 0 = -12*q + 8*q - 76. Let v = -17 - q. What is i(v)?
5
Let f(g) be the second derivative of g**6/60 - g**5/15 - g**4/24 + 23*g**2/2 + 18*g. Let s(p) be the first derivative of f(p). What is s(3)?
15
Let f(o) = o**2 - 2*o - 13. Let l be (2 + 112/(-40))/((-4)/30). Give f(l).
11
Let z(t) = 5*t - 15 + 12 + 18 - 19. Determine z(2).
6
Let y(s) = 5*s**2 + 10*s + 9. Let v(l) = -l**2 - 2*l - 1. Let b(a) = 6*v(a) + y(a). What is b(2)?
-5
Let m(r) = -6*r**2 + 1. Let b = 0 - 17. Suppose 0 = 4*u - 53 - 11. Let j = b + u. Give m(j).
-5
Let g(u) = 10 + 7*u - 2*u**2 - 11 - 5. Suppose 2*w - 2 = -n - 7, 0 = -w - 3*n - 10. Let o(h) = -h**2 + h. Let f(k) = w*g(k) + o(k). Give f(4).
-2
Suppose -2*x + 17 = -13. Suppose 0 = 5*c + x - 0. Let b(i) be the third derivative of i**4/12 + 3*i**2. Give b(c).
-6
Let f(i) = -i**3 + i**2 - 4*i - 1. Let b be f(2). Let a(v) = v + 13. Give a(b).
0
Let n(x) = x**3 - 7*x**2 - 4*x - 9. Let j(m) = -2*m**3 + 6*m**2 + 4*m + 10. Let d(g) = -2*j(g) - 3*n(g). Give d(-9).
-29
Let m(d) be